3 a prime number?
True
Is 904157 a composite number?
False
Is 32761973 prime?
True
Is 143017627 a prime number?
True
Is 370549423 composite?
False
Is 1799877 a composite number?
True
Is 4683985 a composite number?
True
Is 320749049 a composite number?
False
Is 209489309 prime?
False
Is 68013631 a prime number?
False
Is 101681 a composite number?
False
Is 525989 a prime number?
False
Is 58483619 prime?
False
Is 19005691 composite?
False
Is 4609697 composite?
True
Is 11175653 composite?
False
Is 328662911 a composite number?
True
Is 14491795 composite?
True
Is 6722977 composite?
True
Is 17740907 composite?
False
Is 48699019 prime?
True
Is 79029935 a prime number?
False
Is 5009773 prime?
False
Is 1634659 a prime number?
False
Is 311671637 composite?
False
Is 146320111 composite?
True
Is 204959387 a composite number?
False
Is 202663379 prime?
True
Is 8880433 a composite number?
False
Is 117687631 prime?
False
Is 107917 a prime number?
False
Is 398895703 prime?
True
Is 6295381 a composite number?
False
Is 543343319 composite?
False
Is 6228413 a prime number?
True
Is 52004977 prime?
True
Is 174620983 composite?
False
Is 113189495 a prime number?
False
Is 1706339 composite?
True
Is 7302169 composite?
True
Is 1801355 composite?
True
Is 18439567 composite?
True
Is 163647007 composite?
False
Is 9228407 prime?
False
Is 18799546 composite?
True
Is 60689179 a prime number?
True
Is 1859357 a composite number?
True
Is 7912358 composite?
True
Is 494873 a prime number?
True
Is 58872335 composite?
True
Is 488444527 a prime number?
False
Is 18309371 a composite number?
False
Is 4693529 prime?
True
Is 182519621 prime?
False
Is 21653267 composite?
False
Is 407864143 composite?
False
Is 43487431 composite?
True
Is 14824937 a composite number?
False
Is 196720067 a composite number?
True
Is 11682809 composite?
False
Is 6717974 prime?
False
Is 12696461 a prime number?
False
Is 5354137 a prime number?
False
Is 161373967 prime?
True
Is 51694589 a prime number?
False
Is 10294919 prime?
True
Is 19276111 composite?
False
Is 2962699 composite?
True
Is 16442609 composite?
False
Is 8480651 a composite number?
False
Is 37788557 a prime number?
True
Is 5338393 a prime number?
True
Is 183067019 a prime number?
True
Is 68074189 a prime number?
False
Is 62357741 a composite number?
False
Is 308139313 prime?
False
Is 7260011 a prime number?
False
Is 52481879 a composite number?
False
Is 8243069 prime?
True
Is 919684585 a prime number?
False
Is 148097531 a prime number?
True
Is 87212561 a prime number?
False
Is 1235447 a prime number?
True
Is 1717099 composite?
False
Is 242917841 a prime number?
True
Is 3417623 a prime number?
False
Is 1835087 a composite number?
False
Is 2522929 composite?
True
Is 32455083 prime?
False
Is 8271161 a composite number?
False
Is 22047699 a prime number?
False
Is 2539807 a prime number?
False
Is 2362103 composite?
True
Is 13542887 composite?
True
Is 334127 a prime number?
True
Is 101615119 composite?
False
Is 24321793 a prime number?
True
Is 588229 composite?
False
Is 78998573 a prime number?
True
Is 7843141 prime?
False
Is 971662 composite?
True
Is 39046717 a prime number?
True
Is 3807967 composite?
True
Is 11569013 prime?
True
Is 16425163 a composite number?
False
Is 5484533 a composite number?
False
Is 50773299 composite?
True
Is 1808839 a prime number?
True
Is 4171249 a prime number?
False
Is 364230733 a prime number?
False
Is 13747447 a prime number?
False
Is 4777723 composite?
False
Is 38208133 prime?
False
Is 10750667 a composite number?
False
Is 2090771 a composite number?
False
Is 179675201 prime?
True
Is 49097987 composite?
False
Is 141931301 prime?
False
Is 46175809 a prime number?
False
Is 558350569 prime?
False
Is 14377621 a composite number?
True
Is 36927767 a composite number?
False
Is 58369873 a prime number?
True
Is 408388021 composite?
False
Is 17571469 prime?
True
Is 14287265 composite?
True
Is 1377971 prime?
False
Is 70106326 composite?
True
Is 76262711 a prime number?
False
Is 29773187 a composite number?
False
Is 9658249 prime?
False
Is 497041 prime?
True
Is 53633449 prime?
True
Is 189832969 a prime number?
False
Is 11783257 a composite number?
False
Is 8257 a prime number?
False
Is 1627553 prime?
True
Is 10841638 prime?
False
Is 19219001 prime?
True
Is 12748655 a composite number?
True
Is 8232439 a prime number?
True
Is 11735827 a composite number?
False
Is 449451679 a composite number?
False
Is 1717739 a prime number?
True
Is 34690543 a prime number?
False
Is 63984509 prime?
False
Is 3469993 a composite number?
True
Is 8115491 composite?
True
Is 237530141 composite?
False
Is 6116399 prime?
False
Is 35019877 a composite number?
False
Is 1016979 a prime number?
False
Is 27664069 a prime number?
True
Is 2886173 a prime number?
False
Is 96072073 a prime number?
False
Is 246308323 composite?
False
Is 503807 a composite number?
True
Is 62220643 prime?
False
Is 8306027 composite?
False
Is 1495667 a prime number?
False
Is 3688393 a composite number?
False
Is 202837 composite?
True
Is 51417967 a composite number?
False
Is 4709653 a prime number?
False
Is 17642461 composite?
False
Is 16207843 a prime number?
True
Is 77878523 composite?
True
Is 161016893 composite?
False
Is 34683361 a composite number?
True
Is 25050497 a prime number?
False
Is 38452499 composite?
False
Is 234748459 a prime number?
False
Is 3900067 a composite number?
False
Is 12154033 a composite number?
False
Is 134889739 a composite number?
True
Is 4209763 prime?
True
Is 12952759 prime?
False
Is 4438345 prime?
False
Is 202899911 a prime number?
True
Is 12927745 prime?
False
Is 8363669 a prime number?
True
Is 13326694 composite?
True
Is 65685703 composite?
True
Is 60026621 prime?
True
Is 60003607 a composite number?
False
Is 1703657 prime?
False
Is 39819211 composite?
False
Is 10244179 prime?
False
Is 2746836497 a prime number?
True
Is 355195 prime?
False
Is 10983551 a composite number?
False
Is 8194751 composite?
True
Is 108079427 prime?
False
Is 62950213 a composite number?
True
Is 23133613 a prime number?
False
Is 80380731 a composite number?
True
Is 4614817 composite?
True
Is 569958379 a composite number?
True
Is 17623631 a prime number?
True
Is 2805346 a prime number?
False
Is 175425053 a composite number?
False
Is 31549181 a composite number?
False
Is 1311767 a prime number?
True
Is 7027001 a composite number?
True
Is 12976969 composite?
True
Is 44385923 a prime number?
True
Is 46702913 a composite number?
True
Is 5212307 a composite number?
True
Is 167260663 prime?
True
Is 5891713 a composite number?
True
Is 18027629 a prime number?
False
Is 74779381 a prime number?
True
Is 10553657 a prime number?
True
Is 21623794 prime?
False
Is 4300729 prime?
False
Is 40365929 prime?
True
Is 12094897 prime?
False
Is 152693857 prime?
False
Is 3734314 a composite number?
True
Is 45400477 prime?
False
Is 427843 prime?
False
Is 20220393 a prime number?
False
Is 9298709 prime?
False
Is 92106031 prime?
True
Is 8146753 prime?
False
Is 39317987 composite?
True
Is 47565469 a composite number?
True
Is 486443 composite?
False
Is 1097599 prime?
True
Is 513215309 prime?
False
Is 672711937 a composite number?
False
Is 7313261 prime?
True
Is 468895517 prime?
True
Is 671747 a prime number?
False
Is 10599811 a composite number?
True
Is 295273361 a composite number?
False
Is 1198889 a prime number?
False
Is 67162363 a prime number?
False
Is 7577611 composite?
True
Is 11277221 a prime number?
False
Is 22915813 a composite number?
True
Is 2935687 prime?
True
Is 1871914147 composite?
False
Is 7892047 a composite number?
True
Is 1406879 a prime number?
True
Is 95359799 a prime number?
False
Is 26906333 a composite number?
True
Is 26053253 a prime number?
False
Is 645423 a composite number?
True
Is 145960511 composite?
False
Is 2046899 composite?
True
Is 3468097 prime?
True
Is 2351299 prime?
False
Is 836398 a prime number?
False
Is 13791419 a prime number?
False
Is 18051779 a prime number?
False
Is 168094447 a prime number?
True
Is 10382794 a composite number?
True
Is 3202631 composite?
True
Is 833456929 a composite number?
False
Is 125027659 a prime number?
True
Is 3672743 a prime number?
False
Is 4078933 prime?
False
Is 10737977 a composite number?
True
Is 9348877 composite?
True
Is 43829509 a c